of 55831.
31, 1801
What are the prime factors of 1471?
1471
What are the prime factors of 6263?
6263
What are the prime factors of 2777?
2777
List the prime factors of 7657.
13, 19, 31
List the prime factors of 2190.
2, 3, 5, 73
What are the prime factors of 11079?
3, 1231
List the prime factors of 6236.
2, 1559
What are the prime factors of 49859?
73, 683
List the prime factors of 487.
487
List the prime factors of 14043.
3, 31, 151
List the prime factors of 776.
2, 97
What are the prime factors of 3264?
2, 3, 17
List the prime factors of 1828.
2, 457
List the prime factors of 27668.
2, 6917
List the prime factors of 3814.
2, 1907
What are the prime factors of 12967?
12967
What are the prime factors of 6819?
3, 2273
List the prime factors of 43835.
5, 11, 797
What are the prime factors of 1951?
1951
What are the prime factors of 3401?
19, 179
What are the prime factors of 859?
859
What are the prime factors of 16692?
2, 3, 13, 107
List the prime factors of 687.
3, 229
What are the prime factors of 8374?
2, 53, 79
List the prime factors of 1390.
2, 5, 139
What are the prime factors of 92?
2, 23
What are the prime factors of 16225?
5, 11, 59
List the prime factors of 46064.
2, 2879
List the prime factors of 15302.
2, 7, 1093
What are the prime factors of 4053?
3, 7, 193
What are the prime factors of 744?
2, 3, 31
What are the prime factors of 2148?
2, 3, 179
What are the prime factors of 27594?
2, 3, 7, 73
List the prime factors of 1141.
7, 163
List the prime factors of 1745.
5, 349
List the prime factors of 6909.
3, 7, 47
What are the prime factors of 34270?
2, 5, 23, 149
List the prime factors of 1933.
1933
What are the prime factors of 9224?
2, 1153
List the prime factors of 197161.
197161
What are the prime factors of 983?
983
List the prime factors of 48764.
2, 73, 167
What are the prime factors of 43317?
3, 4813
What are the prime factors of 1630?
2, 5, 163
What are the prime factors of 20735?
5, 11, 13, 29
What are the prime factors of 4599?
3, 7, 73
What are the prime factors of 6341?
17, 373
List the prime factors of 2880.
2, 3, 5
What are the prime factors of 108714?
2, 3, 18119
List the prime factors of 956.
2, 239
What are the prime factors of 28996?
2, 11, 659
What are the prime factors of 232?
2, 29
What are the prime factors of 28255?
5, 5651
List the prime factors of 9003.
3, 3001
List the prime factors of 2635.
5, 17, 31
List the prime factors of 641.
641
What are the prime factors of 11136?
2, 3, 29
What are the prime factors of 1514?
2, 757
List the prime factors of 5289.
3, 41, 43
What are the prime factors of 5009?
5009
What are the prime factors of 90329?
59, 1531
What are the prime factors of 67030?
2, 5, 6703
What are the prime factors of 6961?
6961
List the prime factors of 2840.
2, 5, 71
List the prime factors of 2133.
3, 79
List the prime factors of 4072.
2, 509
List the prime factors of 26984.
2, 3373
What are the prime factors of 34709?
61, 569
What are the prime factors of 20466?
2, 3, 379
What are the prime factors of 580?
2, 5, 29
List the prime factors of 2564.
2, 641
List the prime factors of 4047.
3, 19, 71
List the prime factors of 4503.
3, 19, 79
List the prime factors of 2271.
3, 757
What are the prime factors of 3205?
5, 641
List the prime factors of 35137.
41, 857
List the prime factors of 2025.
3, 5
List the prime factors of 12959.
12959
What are the prime factors of 21?
3, 7
List the prime factors of 5366.
2, 2683
List the prime factors of 13077.
3, 1453
What are the prime factors of 1737?
3, 193
What are the prime factors of 24140?
2, 5, 17, 71
What are the prime factors of 14268?
2, 3, 29, 41
List the prime factors of 1662.
2, 3, 277
What are the prime factors of 5091?
3, 1697
What are the prime factors of 837?
3, 31
What are the prime factors of 760?
2, 5, 19
List the prime factors of 45360.
2, 3, 5, 7
List the prime factors of 10518.
2, 3, 1753
What are the prime factors of 9368?
2, 1171
List the prime factors of 3388.
2, 7, 11
List the prime factors of 114665.
5, 17, 19, 71
What are the prime factors of 88870?
2, 5, 8887
List the prime factors of 24354.
2, 3, 11, 41
What are the prime factors of 55771?
43, 1297
What are the prime factors of 42897?
3, 79, 181
What are the prime factors of 29408?
2, 919
List the prime factors of 76563.
3, 47, 181
List the prime factors of 21.
3, 7
List the prime factors of 1132.
2, 283
What are the prime factors of 111090?
2, 3, 5, 7, 23
What are the prime factors of 103153?
29, 3557
List the prime factors of 6454.
2, 7, 461
What are the prime factors of 13142?
2, 6571
What are the prime factors of 13515?
3, 5, 17, 53
List the prime factors of 4047.
3, 19, 71
What are the prime factors of 1186?
2, 593
List the prime factors of 2861.
2861
List the prime factors of 662.
2, 331
What are the prime factors of 36004?
2, 9001
What are the prime factors of 35482?
2, 113, 157
List the prime factors of 22999.
109, 211
What are the prime factors of 620?
2, 5, 31
What are the prime factors of 1044?
2, 3, 29
List the prime factors of 98195.
5, 41, 479
List the prime factors of 7444.
2, 1861
List the prime factors of 183.
3, 61
What are the prime factors of 1251?
3, 139
What are the prime factors of 29777?
11, 2707
What are the prime factors of 60230?
2, 5, 19, 317
List the prime factors of 78003.
3, 107
What are the prime factors of 1138?
2, 569
List the prime factors of 2642.
2, 1321
List the prime factors of 1318.
2, 659
List the prime factors of 69154.
2, 71, 487
List the prime factors of 2434.
2, 1217
What are the prime factors of 8126?
2, 17, 239
What are the prime factors of 69527?
251, 277
List the prime factors of 951.
3, 317
What are the prime factors of 25230?
2, 3, 5, 29
What are the prime factors of 100839?
3, 33613
List the prime factors of 16489.
11, 1499
List the prime factors of 962.
2, 13, 37
List the prime factors of 1979.
1979
What are the prime factors of 797?
797
What are the prime factors of 5327?
7, 761
What are the prime factors of 2135?
5, 7, 61
List the prime factors of 3338.
2, 1669
List the prime factors of 27105.
3, 5, 13, 139
List the prime factors of 2961.
3, 7, 47
What are the prime factors of 693?
3, 7, 11
List the prime factors of 1850.
2, 5, 37
List the prime factors of 12.
2, 3
List the prime factors of 13852.
2, 3463
What are the prime factors of 11982?
2, 3, 1997
List the prime factors of 146.
2, 73
List the prime factors of 80539.
43, 1873
List the prime factors of 27642.
2, 3, 17, 271
What are the prime factors of 15930?
2, 3, 5, 59
What are the prime factors of 4596?
2, 3, 383
List the prime factors of 1516.
2, 379
List the prime factors of 10342.
2, 5171
List the prime factors of 54292.
2, 7, 277
List the prime factors of 27640.
2, 5, 691
List the prime factors of 4804.
2, 1201
List the prime factors of 44589.
3, 89, 167
List the prime factors of 1936.
2, 11
What are the prime factors of 7329?
3, 7, 349
List the prime factors of 3620.
2, 5, 181
What are the prime factors of 3133?
13, 241
List the prime factors of 10728.
2, 3, 149
List the prime factors of 279.
3, 31
What are the prime factors of 3202?
2, 1601
List the prime factors of 1746.
2, 3, 97
What are the prime factors of 95530?
2, 5, 41, 233
List the prime factors of 26520.
2, 3, 5, 13, 17
List the prime factors of 126939.
3, 17, 19, 131
List the prime factors of 565.
5, 113
List the prime factors of 14123.
29, 487
What are the prime factors of 7659?
3, 23, 37
What are the prime factors of 3637?
3637
List the prime factors of 19062.
2, 3, 353
List the prime factors of 39.
3, 13
What are the prime factors of 1852?
2, 463
List the prime factors of 15785.
5, 7, 11, 41
List the prime factors of 480.
2, 3, 5
What are the prime factors of 2592?
2, 3
What are the prime factors of 4958?
2, 37, 67
What are the prime factors of 1546?
2, 773
What are the prime factors of 828?
2, 3, 23
What are the prime factors of 49?
7
What are the prime factors of 1810?
2, 5, 181
What are the prime factors of 4060?
2, 5, 7, 29
What are the prime factors of 93?
3, 31
What are the prime factors of 15071?
7, 2153
What are the prime factors of 16297?
43, 379
List the prime factors of 677.
677
List the prime factors of 64647.
3, 11, 653
What are the prime factors of 3711?
3, 1237
What are the prime factors